2 + 1?
3
What is 191 - 192 - (-9 + 0)?
8
19 + (-30 - (-7 - 11))
7
8 - (2 + 10 - (12 - 16))
-8
19 - (0 - (-19 - -5) - 0)
5
What is 14 - -3 - 19 - (1 + -1)?
-2
What is the value of 7 - (12 + (-13 - -8))?
0
-10 + 14 + -14 + -2
-12
What is (0 - 3) + 631 + -662?
-34
Calculate -3 - 12 - (-6 + (6 - 3)) - -1.
-11
-14 + (-2 - 2 - -8)
-10
4 + -5 + (-1 - 14)
-16
Calculate 1 + (-9 - -9) + 4 + -14 + 4.
-5
Evaluate 2 - 20 - (-74 - -62).
-6
5 + 5 + -40 - (2 + -14)
-18
Calculate -7 + -1 + -13 + (12 - 4) + -1.
-14
What is the value of 1 - 25 - (224 - 234)?
-14
What is -42 + (13 - (-15 + 4))?
-18
What is the value of -31 + 9 + 9 + 8?
-5
What is 40 + -34 + 20 + -2?
24
What is the value of -3 - (-1185 + 1189 - (-1 + 1 + 6))?
-1
What is 1 + (-5 + 13 - 55) - -16?
-30
What is -1 + 14 + (43 - (-16 - -80))?
-8
What is 21 - (11 + 7 - 9)?
12
Calculate -20 + (6 - -2) - (3 - 6).
-9
Evaluate 1 + -10 + (-505 - -491).
-23
Calculate -7 + 10 + 5 + -1 + 3 + -7.
3
Calculate (-31 + 36 - 1) + 0 + 0.
4
Evaluate (-16 - -3 - -5) + -2 - -15.
5
What is 19 + -33 - -6 - (-6 - -1)?
-3
-67 - -45 - (-21 + -3)
2
Calculate -38 + 36 - (2 + -1) - (28 + -18).
-13
What is the value of 40 + -2 + -1 + 0 + 5 + -5?
37
Evaluate 17 - (19 + (17 - 11)).
-8
What is 9 + ((-1 - 7) + -21 + 28 - 5)?
3
Calculate -12 - (-12 - (-12 + 20)).
8
Calculate (-7 + 13 - -2) + -14 + (-7 - -5).
-8
Evaluate -3 + 0 + (-8 - (0 + -9 + 16)).
-18
Evaluate -5 - (-19 + 8) - (8 + (-1 - 28)).
27
What is the value of 8 + -41 + 37 - (-1 + 2) - -25?
28
What is 9 + -4 + 7 - -6?
18
What is the value of 20 + -9 + -12 + 12 + -14?
-3
What is the value of -24 + (8 - (-5 - 10))?
-1
Evaluate -9 + (18 - (-8 + 6)).
11
-29 + -18 + 54 + (2 - 8) + 1
2
2 - (-27 + 48 + -20)
1
Evaluate -43 + (-50 - -86) + (38 - (3 - 1)).
29
Evaluate 50 + -62 - (6 + -2).
-16
Evaluate -8 + 10 + 36 + -26.
12
Evaluate 4 + -4 + 6 + (2 - (5 + -4)).
7
What is the value of -2 + 5 + -12 + -116 + 102?
-23
What is (-2 - -5) + -9 + -11 + 14?
-3
Evaluate -54 + 49 + 2 + 1 - (1 - 7).
4
What is 34 + -18 + (-43 - (1 + -12))?
-16
Evaluate (-4 - 1) + 27 + -2 + -5.
15
Calculate 46 + -70 + 3 + (2 + -1 - -8).
-12
-1 + (-1 - -4) + 0 + -1 + -8
-7
Calculate 0 - (-1 - 6) - (-13 - (-21 - -12)).
11
Calculate 2 + (-2 - -5) + 2 + -3 + -3.
1
What is the value of -9 + 0 + 1 + 21?
13
Calculate (-20 - (5 - 7)) + (-2 - -4).
-16
Calculate 5 + (-1 + 12 - (229 - 225)).
12
What is -3 + 0 - (-25 + -1 + (-110 - -126))?
7
Evaluate 19 + -18 + -27 - -12 - -11.
-3
Calculate 4 - -3 - (27 + -2) - (-1 - -1).
-18
Evaluate (-5 - -5) + (-1 + -3 - 1) + -6.
-11
13 - (14 + -30) - 12
17
What is the value of (34 + -11 - 34) + 43?
32
Evaluate -1 + -2 - (4 + (-1 - (12 + -11))).
-5
17 - (10 - (3 + -1) - 9)
18
What is the value of -26 + (-10 - -31) + -10 - -4?
-11
Evaluate 1 - (42 + -22 - 34).
15
15 + 33 + (11 - 20 - 9)
30
What is the value of (159 - 141) + (-1 - 12) + -19?
-14
What is the value of (262 - 231) + 0 + -10?
21
(-9 - -1) + (-2 - -2) + -7
-15
Evaluate -4 + 43 + -29 - 30.
-20
Calculate 50 + (21 - 41) - 12.
18
What is the value of -26 - (-9 + 7 + (-2 - -6) + -7)?
-21
Calculate 8 - 7 - (-5 - -15).
-9
What is the value of 20 + (25 - 30) - (43 + -2)?
-26
Evaluate 25 + -44 - -41 - 29.
-7
What is the value of -3 + 25 + -20 - 2?
0
Evaluate 6 + 0 + (-20 - (16 - 23)) + -2.
-9
Evaluate -64 + 24 - (-1 - 20).
-19
Calculate ((-4 - 3) + 3 - -4) + 1 + -21.
-20
What is -73 + 28 - -29 - (1 - 1 - 1)?
-15
What is 3 - (29 + -15 - -10)?
-21
Evaluate (0 - 0 - ((-10 - -7) + 3)) + 12.
12
What is 0 + -29 + 55 + -34?
-8
Calculate 18 - (11 - (11 - 3)).
15
What is the value of 4 + (-24 - -13) + -2 + -1?
-10
What is the value of 50 - (30 + -2 + -2)?
24
What is the value of 208 + -194 - (0 - -16)?
-2
What is (16 + -11 - -9) + (0 - 3)?
11
-3 - (6 + -16 + (14 - 10)) - 20
-17
-7 + 1 - (-14 - (7 + -10))
5
Calculate -5 - 0 - -8 - -8.
11
Calculate -9 - (-6 + -30 + -9 + 5).
31
-1022 + 1018 - (0 + 11 + 1)
-16
Calculate -5 + -23 + 16 + 31.
19
Calculate -1 + 10 + (-17 + -4 - -22).
10
What is -1 + 5 + (-154 - -160)?
10
What is the value of 8 + (14 - (58 + -27))?
-9
Calculate 27 + 2 + -375 + 326.
-20
Calculate -2 - -10 - 2 - (-491 - -482).
15
Evaluate 3 + 7 + (-28 + 23 - 37).
-32
What is 7 + 3 + -1 + -246 + 229?
-8
Calculate 12 + (4 - (40 + -22)).
-2
What is the value of -31 - -23 - (10 + 5)?
-23
Calculate 42 - (-36 - -68) - (0 - 13).
23
What is 8 - ((12 - 28) + 18)?
6
Evaluate 0 - -5 - (0 + 14 - 1).
-8
What is the value of (-3 - 10) + 9 + 36?
32
What is the value of -10 + 4 + -9 + -4 + 24?
5
What is (3 - (5 + -6)) + (8 - (4 + -2))?
10
Evaluate 18 + -2 - (12 + 54 + -23).
-27
What is the value of 194 + -182 + 11 + -1 + 0?
22
12 - (16 + -13) - 3
6
What is (-2 - (3 - (-1 - (-7 - -14)))) + 6?
-7
Calculate 55 + (10 - 51) - 41.
-27
What is 1 + -1 - ((-9 - (-9 - -4)) + -10)?
14
Calculate 1 - (3 - (0 + (1 - 1) + 6)).
4
Evaluate -12 + (-6 - -12) + -2 + 16 - 8.
0
What is the value of -6 + (0 + (-1 + -4 - -5) - -3)?
-3
(0 - 8) + 114 + -120
-14
What is the value of 77 - 69 - (-8 - -1)?
15
What is the value of (-21 - -26) + 8 + 1 - (-28 + 20)?
22
What is 3 - -1 - (-29 - (-14 + -22))?
-3
Evaluate (-11 - 28 - -44) + (-2 + 0 - -2).
5
Evaluate (47 - 0) + (-52 - -38) - (2 + 0).
31
What is 11 - (6 + 1 + -10 + 4 + -4)?
14
What is -11 + 31 - 8 - -10?
22
Evaluate -125 + 130 - ((-1 - -1) + -5 - -2).
8
Calculate 2 - -6 - ((1 - -3) + (331 - 316)).
-11
What is the value of (-23 + 7 - -22) + 0 + 4?
10
What is -34 - ((-42 - -35) + -39)?
12
What is the value of -41 + -27 - -71 - (-12 - (1 + -1))?
15
What is 2 + -4 - (-3 + 1 - (-49 - -44))?
-5
Calculate (-1 - 12) + 12 + -3 + 3.
-1
Evaluate -9 + -8 + 12 + -1 + 7 - 2.
-1
What is 5 + 1 + -228 + 229 - (-9 - 1)?
17
What is -9 + (4 - (11 + -5)) + -2 + -1?
-14
-11 - -10 - (-7 - 3) - (-14 + 0)
23
Evaluate 1 + -43 + (-2 - -86) + -70.
-28
Evaluate -18 + (0 - 0) + 2 + 7 + 10.
1
What is the value of 14 + -11 + (1 - -3)?
7
What is 21 + 15 + (-35 - -8) + 2 + 1?
12
Calculate -43 + 45 - (12 - -3).
-13
Calculate -39 + 27 + (11 - -22).
21
(-20 - (-1 + -13)) + 11 + 0
5
What is the value of -80 + 83 + 4 + (0 - (-1 - -2))?
6
Evaluate -11 + 7 + -6 - 2 - -3.
-9
What is the value of (26 - -7 - 29) + -30?
-26
What is (21 - (38 + -14)) + 3 + (-1 - -1)?
0
Evaluate -2 + (16 + -10 - 5) + -2.
-3
Evaluate -2 + -1 + -2 + 16 + -56 + 56.
11
What is -5 - (44 + -13 + -11)?
-25
Calculate -1 + -4 - (1 + 5 + -5) - -19.
13
What is -41 - (11 + -30 - -13)?
-35
What is 0 + 1 + 0 + 146 + -158?
-11
Calculate -14 + 29 + -16 + 10 - -17.
26
What is the value of 0 + -4 + 4 + -4 + -4?
-8
25 - -2 - (207 + -182)
2
5 + 6 + (13 - (8 - -10))
6
19 + (-1 - -2) + 3 + -7
16
(161 - 157) + -1 + 1
4
Evaluate 4 + 5 + 9 + (-23 - -18).
13
What is 16 + -10 + -12 + 28?
22
Calculate -61 + 73 + (-2 - -1) + 2.
13
What is the value of -15 + (-13 - -9) + 8?
-11
What is the value of 6 + (2 - (0 + 6 - 6 - 1))?
9
Calculate (-16 - -2) + 29 + -3.
12
What is (15 - 7) + -15 + 1 + 6 + 9?
9
What is (-58 - -83) + (-26 - -36)?
35
Calculate -11 - -17 - (0 + 0 + (-2 - -5)).
3
What is (6 + -5 - -17) + -35?
-17
7 + -16 + 22 - (0 - (-5 - 2))
6
What is the value of 15 - (-24 - (4 + -56))?
-13
What is the value of -12 + (25 + 7 - 8)?
12
Calculate 8 + (-8 - (-7 + 9)) - -5.
3
89 - 112 - (3 - 2)
-24
What is 3 + -4 + (9 - (14 - 22))?
16
Evaluate -40 - (12 + -50) - ((1 - -15) + -1).
-17
What is 18 - ((3 + 8 - 6) + 2 + -6)?
17
Calculate (14 - 16) + -11 - -19.
6
What is the value of 5 - (22 - (2 + 25))?
10
Evaluate 7 - (-4 + (7 + -9 - -1)).
12
What is (139 - 120) + (0 - 6)?
13
(1 - (-10 + -2 + -1)) + -37 + 46
23
Evaluate 13 + -24 + 34 + -24.
-1
Calculate -6 + (-3 - (-14 + 13)).
-8
What is the value of -85 + 83 - (-1 - -4)?
-5
Evaluate (-1 + -6 - (-23 - -6) - 16) + 0.
-6
57 + -95 - (-3 + -6)
-29
Evaluate 0 + -11 + 5 + 8 + 25 + -21.
6
What is the value of -4 - ((21 - 33) + -12)?
20
Calculate -2 + 7 - (-40 + -5 + 60).
-10
-56 + 48 + -4 + (1 - (0 + 2))
-13
Evaluate -26 + (1 - -23) + 3.
1
-3 - 7 - (1 + -4 - (0 - -2))
-5
Evaluate -7 + (-2 + 23 - 5 - -11) - -10.
30
Evaluate 34 - (-33 + 29 - (7 - 16)).
29
Evaluate (-32 - (26 + -71)) + -23.
-10
What is (14 - (-13 + 20)) + 8 + (-2 - -2)?
15
What is 9 - (-3 + 7 - 7)?
12
Calculate -84 + 47 + 36 - (-6 + -1 - -1).
5
What is -2 + -6 + (7 - (-2 - 2))?
3
-1 - -3 - (-25 - (-20 - -23 - 10))
20
